**2 + d + 8. Let r(s) be the first derivative of z(s). What is the tens digit of r(-9)?
6
Let c(g) = -g**2 - 6*g - 5. Let q be c(-3). Suppose -x - 8*j + 159 = -3*j, 4*x - q*j - 540 = 0. What is the hundreds digit of x?
1
Suppose -13 + 10 = -p. What is the tens digit of p/(-12) + 292/16?
1
Let d(x) = x**2 + 36*x - 42. What is the units digit of d(11)?
5
Let i(a) = 28*a + 3. Let j be i(7). Let v = j - 134. What is the units digit of v?
5
Let o(m) = 18*m**2 + 3*m + 5. Let d be 8 + -2 + (-1 - (-3 - -4)). What is the tens digit of o(d)?
0
Let l = 4 - 5. Let t be (-1)/(l + 0/4). What is the units digit of ((-28)/12)/(t/(-9))?
1
Suppose 5*j = f + 14, -5*f = -0*f - 5. Suppose 1124 = j*i + 119. Suppose 5*k - i = -4*z, -3*k = -4*k - 4*z + 67. What is the tens digit of k?
6
Let v(t) = t**3 - 5*t**2 + t + 10. Let n be v(7). Let f = -50 + n. What is the units digit of f?
5
Let u(i) be the second derivative of i**5/10 + i**4/12 + i**3/3 - 2*i**2 + 24*i. What is the units digit of u(3)?
5
Suppose -16 = -3*m + 7*m, -5*b + 4*m = -16. Suppose b = 3*r - 6*o + 2*o - 242, -r + 106 = 5*o. What is the tens digit of r?
8
Let a(y) be the first derivative of -9*y - 5/3*y**3 - 4*y**2 + 1/4*y**4 + 4. What is the units digit of a(7)?
3
Let j = -90 + 197. Let k = j - 3. What is the tens digit of k?
0
What is the units digit of (0 - 577/(-5)) + (-138)/345?
5
Let v(m) = 34 + 4*m + m**2 - 8*m - 9*m + 1. What is the tens digit of v(15)?
6
Let q be ((-1)/(-2))/(5/50). Suppose -3*f + q*k = -393, 2*k + 524 = -f + 5*f. Suppose 31 = 3*i - f. What is the units digit of i?
4
Let t(i) = 92*i - 107. What is the tens digit of t(6)?
4
Suppose -19*z = -17*z - 7420. What is the hundreds digit of z/(-20)*(-8)/14?
1
Let u(h) = h**3 + 21*h**2 - 20*h + 34. What is the tens digit of u(-16)?
3
What is the thousands digit of (666/(-27))/(-2*(-4)/(-576))?
1
Suppose -6*d + 20 = -5*i - 2*d, -2*i + d = 11. Let o be 1*i*9/9. What is the units digit of 2/o + (-471)/(-12)?
9
Suppose 0 - 12 = -3*u. What is the tens digit of u/(-2*3/(-96))?
6
Let u(o) = -9*o**2 + 2*o. Let l be u(-3). What is the units digit of (-8)/12*2*l/2?
8
Let v = 389 + 41. What is the units digit of v?
0
Suppose -29*q + 4*s = -25*q - 5924, 2*s + 7420 = 5*q. What is the units digit of q?
6
Let l = 4 + -14. Let b be 76*(l/(-8) - 1). Let h = 27 - b. What is the units digit of h?
8
Let g(a) = 10*a - 31. Suppose 3*f + 5*c = 53, 2*f - 2*c = -2*f + 36. What is the units digit of g(f)?
9
Let v be (-2 - -4)*2 - (-192)/8. Suppose -2*s + 14 = -3*s. Let j = v + s. What is the units digit of j?
4
Let c be (5 - 3)*(-4)/8 - -4. Suppose -3*l = -0*z + z - 204, 0 = l + c*z - 76. What is the tens digit of l?
6
What is the hundreds digit of 4/10 - (-15861)/85?
1
Suppose -n + 179 = 116. What is the units digit of n?
3
Suppose -3*f = -295 - 161. Suppose -3*i + 0*m = m - f, -4*i = 4*m - 216. What is the units digit of i?
9
Let z(q) = 4*q**3 + 9*q**2 - 29*q + 15. Let x be z(6). Suppose -3*p = 4*f - x, 4*f = 2*p - 0*p + 1014. What is the hundreds digit of f?
2
Suppose -23*b + 28130 = 6*b. What is the units digit of b?
0
Let d(y) = y**3 + 4*y**2 + y - 2. Let j be d(-3). Suppose j*q + 3*i - 35 = 0, 0 = 4*q - 0*i + 5*i - 45. What is the units digit of ((-19)/3)/(q/(-15))?
9
Let g(c) = -1769*c - 91. What is the units digit of g(-2)?
7
Let o(j) = j**3 + 14*j**2 - 8*j - 45. What is the units digit of o(-13)?
8
Let f = 436 + -118. What is the units digit of f?
8
Let u = 2299 + 534. What is the tens digit of u?
3
Let a = -4742 + 8045. What is the units digit of a?
3
Suppose -5*d = 2*q - 4, 5*d - 10 = -q - 3. Suppose -d*m + 24 = -40. What is the units digit of m?
2
Suppose -3*u - 8 = -7*u. Suppose -2*h - 3*t - 2 = -4*h, 2*h - u = 4*t. What is the tens digit of 18*h - (1 - 1)?
1
Suppose 4*s - 276 = -4*v + 212, -5*v = -3*s - 570. What is the hundreds digit of v?
1
Suppose 48 = 2*g + 18. Let c = 20 + g. What is the tens digit of c?
3
Suppose -5 = 5*v, 399 = 4*n - 4*v - 257. Suppose 0 = 5*r - 157 - n. What is the units digit of r?
4
Let y be -95 + (3/9)/(2/6). Let h = 189 + y. What is the units digit of h?
5
Let b = -33 + 64. Let k = b + 33. What is the units digit of k?
4
Let p = 64 + -62. Suppose 0*w - 5*i - 93 = -w, p*w - 251 = -3*i. What is the units digit of w?
8
Suppose z - n = 32, -6*n - 4 = -2*n. What is the units digit of z + (4/16)/((-4)/(-16))?
2
Let a be (2 + -1 - 2) + 5. Suppose -46 = 2*l - a*l. What is the units digit of l?
3
Let k(y) = -2*y - 4. Let q be k(-3). Suppose q*f = -2*p + 72, -3*p + 55 = 2*f - 18. What is the units digit of f?
5
Let k(o) = -2*o + 4. Let u be k(2). Suppose -3*t + u = p - 2, -t - 2 = p. Suppose t*m - 190 = -3*x - 38, x + m = 50. What is the tens digit of x?
5
Let x be (-2)/(-6) - 16/(-6). Suppose -x*s + 273 = -0*s. What is the tens digit of s?
9
Let o = -84 + 32. Let m = o + 83. What is the units digit of m?
1
Suppose 4*v - 100 + 4 = 0. Let m = v + -46. Let x = 47 + m. What is the tens digit of x?
2
Suppose 0 = -11*c + 13*c - 8. What is the units digit of c?
4
Suppose -2*j = -2*k - 52, 5*j + 42 = -5*k - 58. Let r = -16 - k. What is the units digit of -1 + r/(7/16)?
5
Suppose 2*n = -5*j + 15 + 2, 2*j = -2. Suppose -n = -s - a + 41, 2*s + 4*a - 108 = 0. What is the tens digit of s?
5
Let u(y) = y**2 - 11*y - 42. Let j be u(21). Let i = 13 + j. What is the hundreds digit of i?
1
Suppose 3*j = 3*z + 339, -14 = 5*z - 34. What is the tens digit of j?
1
What is the hundreds digit of 1432*(6 - 77/14)?
7
Let y(x) = -x**2 + 24*x + 92. What is the tens digit of y(19)?
8
Let s(i) = 38*i**2 + i. Let z be (-6)/8 - 49/(-28). Let p be s(z). Suppose -4*o = -p - 9. What is the tens digit of o?
1
Let h = 122 + 1615. What is the units digit of h?
7
Let l = 34 + -31. Suppose -t = 2*b - 7, 2*t + 5 = 3*t. Suppose -c - b = -l. What is the units digit of c?
2
Suppose 0 = -3*u - 4*q + 8113, 0*u - 10816 = -4*u - 4*q. What is the hundreds digit of u?
7
Suppose 2*o - i = 27, -8 = -2*o - 3*i + 23. What is the units digit of (8/(-28))/1 + 144/o?
0
What is the tens digit of (-28080)/(-75) - 6/15?
7
Suppose 2*k - 402 = 202. What is the tens digit of k?
0
Let j be 3 - 1/(1/2). Let z = 51 + j. Let g = -31 + z. What is the tens digit of g?
2
Let u = 24 + 39. Let v be (-7)/42 + 980/(-24). Let c = v + u. What is the units digit of c?
2
Let j(t) = -46*t + 25. What is the hundreds digit of j(-5)?
2
Let i be ((-2)/(-3))/(6/27). Suppose 3*n - 45 = i*v - 4*v, -185 = -3*v + n. What is the tens digit of v?
6
Let k = -15376 + 21704. What is the units digit of k/70 + 2/(-5)?
0
Let b(m) = 191*m**2 - 1. Let j be b(-1). Suppose -y = y - j. What is the tens digit of y?
9
Let m = -273 - -621. What is the units digit of m?
8
Let y = -139 + 275. Suppose -13*l + 15*l = y. What is the tens digit of l?
6
Suppose -2*f - 5*y + 250 = 2*f, y = 2. Let o be ((-216)/f)/(4/(-30)). Let j = -20 + o. What is the units digit of j?
7
Suppose 3*n + 3*t - 822 = 6*t, 0 = -3*n - 4*t + 822. What is the hundreds digit of n?
2
Let w = -822 + 2403. What is the hundreds digit of w?
5
Suppose -7*n + 10*n = 6. Let h(c) = -9*c - c - n + 3. What is the tens digit of h(-1)?
1
Let k be (-4)/8 - (-74)/(-4). Let a be (-6)/2 - 16/(-4). What is the tens digit of (-38)/k - -39*a?
4
Let p(y) = 9*y - 9 - 3*y**2 - 4*y**2 + 6*y**2. Let m(a) = -14*a - 8. Let z be m(-1). What is the units digit of p(z)?
9
Let d be 3/2 - 129/(-6). Suppose -d = -b + 28. What is the tens digit of b?
5
Let z be (2/(-2))/((-6)/192). Suppose 5*h = h + 4*t + 100, t + 112 = 4*h. Let k = z - h. What is the units digit of k?
3
Let t = 35 - 33. What is the units digit of 1068/48 - t/8?
2
Suppose -23*u + 21*u + 282 = 0. What is the tens digit of u?
4
Suppose 11*f + 8574 = 25426. Suppose 10 + f = 6*a. What is the hundreds digit of a?
2
Suppose -3*w = 2*l - 3*l + 589, -3*w + 2855 = 5*l. What is the tens digit of l?
7
Suppose y + 13 = 3*y + c, 5*c = 3*y. Suppose -5*a - 5 = y*k, -k = -0*k - 3*a - 19. What is the units digit of k?
4
Suppose 0 = -2*u - u + 18. Let q = u + 46. Let o = q - 34. What is the tens digit of o?
1
Let b(t) = 46*t**3 + t**2 + t. Let p be b(1). What is the tens digit of p/18*(-243)/(-12)?
5
Let i = 4559 - 3063. What is the hundreds digit of i?
4
Let j = 6 + 11. Suppose -5*r = 5*u - 140, -5*r - 7 = u - 27. Let c = u - j. What is the 